{"id":17,"date":"2025-05-16T13:44:28","date_gmt":"2025-05-16T11:44:28","guid":{"rendered":"https:\/\/apancm.ovh\/?page_id=17"},"modified":"2025-08-16T02:38:16","modified_gmt":"2025-08-16T00:38:16","slug":"a-propos","status":"publish","type":"page","link":"https:\/\/apancm.org\/index.php\/a-propos\/","title":{"rendered":"\u00c0 Propos"},"content":{"rendered":"\t\t<div data-elementor-type=\"wp-page\" data-elementor-id=\"17\" class=\"elementor elementor-17\">\n\t\t\t\t<div class=\"elementor-element elementor-element-b78a454 e-flex e-con-boxed e-con e-parent\" data-id=\"b78a454\" data-element_type=\"container\">\n\t\t\t\t\t<div class=\"e-con-inner\">\n\t\t\t\t<div class=\"elementor-element elementor-element-d23a3b6 elementor-widget elementor-widget-heading\" data-id=\"d23a3b6\" data-element_type=\"widget\" data-widget_type=\"heading.default\">\n\t\t\t\t<div class=\"elementor-widget-container\">\n\t\t\t\t\t<h4 class=\"elementor-heading-title elementor-size-default\">Un peu d'histoire...<\/h4>\t\t\t\t<\/div>\n\t\t\t\t<\/div>\n\t\t\t\t\t<\/div>\n\t\t\t\t<\/div>\n\t\t<div class=\"elementor-element elementor-element-bd6f08d e-flex e-con-boxed e-con e-parent\" data-id=\"bd6f08d\" data-element_type=\"container\">\n\t\t\t\t\t<div class=\"e-con-inner\">\n\t\t<div class=\"elementor-element elementor-element-cc695e2 e-con-full e-flex e-con e-child\" data-id=\"cc695e2\" data-element_type=\"container\">\n\t\t\t\t<div class=\"elementor-element elementor-element-9206b34 elementor-drop-cap-yes elementor-drop-cap-view-default elementor-widget elementor-widget-text-editor\" data-id=\"9206b34\" data-element_type=\"widget\" data-settings=\"{&quot;drop_cap&quot;:&quot;yes&quot;}\" data-widget_type=\"text-editor.default\">\n\t\t\t\t<div class=\"elementor-widget-container\">\n\t\t\t\t\t\t\t\t\t<p>L\u2019<strong>APAN<\/strong> (Association pour la Promotion de l&rsquo;Artisanat et de la Nature) a \u00e9t\u00e9 cr\u00e9\u00e9e en 2006 au Cameroun \u00e0 Douala dans le but d\u2019encourager les jeunes hommes et femmes dans la fabrication des objets d\u2019art purement africain. En 2007, l\u2019association d\u00e9cide de s\u2019enregistrer sous le num\u00e9ro N\/113\/RDDA\/C19\/BAPP de droit camerounais r\u00e9gis par la loi 53\/90 de 1990. C\u2019est en 2011 que l\u2019association d\u00e9cide de s\u2019investir dans la cr\u00e9ation des espaces verts et l\u2019entretien des plantes dans le but de pr\u00e9server la nature verte. C\u2019est ainsi que plusieurs jeunes hommes et femmes se sont engag\u00e9s en ressortant toute la beaut\u00e9 des plantes, en cr\u00e9ant des jardins dans nos espaces publics et m\u00eame chez des individus passionn\u00e9s des plantes. Puis en 2013, l\u2019association d\u00e9cide de lutter contre la pollution de l\u2019environnement en recyclant les d\u00e9chets plastiques qui repr\u00e9sentent 70% de la pollution mondiale. Ces d\u00e9chets plastiques recycl\u00e9s sont par la suite utilis\u00e9s pour fabriquer des pav\u00e9s \u00e9cologiques en fonction de leur utilisation.<\/p>\t\t\t\t\t\t\t\t<\/div>\n\t\t\t\t<\/div>\n\t\t\t\t<\/div>\n\t\t<div class=\"elementor-element elementor-element-1cacb4d e-con-full e-flex e-con e-child\" data-id=\"1cacb4d\" data-element_type=\"container\">\n\t\t\t\t<div class=\"elementor-element elementor-element-5344bf5 elementor-widget elementor-widget-image\" data-id=\"5344bf5\" data-element_type=\"widget\" data-widget_type=\"image.default\">\n\t\t\t\t<div class=\"elementor-widget-container\">\n\t\t\t\t\t\t\t\t\t\t\t\t\t\t\t<img fetchpriority=\"high\" decoding=\"async\" width=\"1024\" height=\"767\" src=\"https:\/\/apancm.org\/wp-content\/uploads\/2025\/05\/IMG-20250522-WA0687-1024x767.jpg\" class=\"attachment-large size-large wp-image-211\" alt=\"\" srcset=\"https:\/\/apancm.org\/wp-content\/uploads\/2025\/05\/IMG-20250522-WA0687-1024x767.jpg 1024w, https:\/\/apancm.org\/wp-content\/uploads\/2025\/05\/IMG-20250522-WA0687-300x225.jpg 300w, https:\/\/apancm.org\/wp-content\/uploads\/2025\/05\/IMG-20250522-WA0687-768x575.jpg 768w, https:\/\/apancm.org\/wp-content\/uploads\/2025\/05\/IMG-20250522-WA0687.jpg 1080w\" sizes=\"(max-width: 1024px) 100vw, 1024px\" \/>\t\t\t\t\t\t\t\t\t\t\t\t\t\t\t<\/div>\n\t\t\t\t<\/div>\n\t\t\t\t<\/div>\n\t\t\t\t\t<\/div>\n\t\t\t\t<\/div>\n\t\t<div class=\"elementor-element elementor-element-afbfd45 e-flex e-con-boxed e-con e-parent\" data-id=\"afbfd45\" data-element_type=\"container\">\n\t\t\t\t\t<div class=\"e-con-inner\">\n\t\t\t\t<div class=\"elementor-element elementor-element-fcc260c elementor-widget elementor-widget-heading\" data-id=\"fcc260c\" data-element_type=\"widget\" data-widget_type=\"heading.default\">\n\t\t\t\t<div class=\"elementor-widget-container\">\n\t\t\t\t\t<h4 class=\"elementor-heading-title elementor-size-default\">Nos Objectifs<\/h4>\t\t\t\t<\/div>\n\t\t\t\t<\/div>\n\t\t\t\t\t<\/div>\n\t\t\t\t<\/div>\n\t\t<div class=\"elementor-element elementor-element-c810680 e-flex e-con-boxed e-con e-parent\" data-id=\"c810680\" data-element_type=\"container\">\n\t\t\t\t\t<div class=\"e-con-inner\">\n\t\t<div class=\"elementor-element elementor-element-9e4aef5 e-con-full e-flex e-con e-child\" data-id=\"9e4aef5\" data-element_type=\"container\">\n\t\t\t\t<div class=\"elementor-element elementor-element-97a2fd8 elementor-widget elementor-widget-image\" data-id=\"97a2fd8\" data-element_type=\"widget\" data-widget_type=\"image.default\">\n\t\t\t\t<div class=\"elementor-widget-container\">\n\t\t\t\t\t\t\t\t\t\t\t\t\t\t\t<img decoding=\"async\" width=\"1024\" height=\"768\" src=\"https:\/\/apancm.org\/wp-content\/uploads\/2025\/05\/IMG_5294-1024x768.jpg\" class=\"attachment-large size-large wp-image-173\" alt=\"\" srcset=\"https:\/\/apancm.org\/wp-content\/uploads\/2025\/05\/IMG_5294-1024x768.jpg 1024w, https:\/\/apancm.org\/wp-content\/uploads\/2025\/05\/IMG_5294-300x225.jpg 300w, https:\/\/apancm.org\/wp-content\/uploads\/2025\/05\/IMG_5294-768x576.jpg 768w, https:\/\/apancm.org\/wp-content\/uploads\/2025\/05\/IMG_5294-1536x1152.jpg 1536w, https:\/\/apancm.org\/wp-content\/uploads\/2025\/05\/IMG_5294-2048x1536.jpg 2048w\" sizes=\"(max-width: 1024px) 100vw, 1024px\" \/>\t\t\t\t\t\t\t\t\t\t\t\t\t\t\t<\/div>\n\t\t\t\t<\/div>\n\t\t\t\t<\/div>\n\t\t<div class=\"elementor-element elementor-element-d6b1050 e-con-full e-flex e-con e-child\" data-id=\"d6b1050\" data-element_type=\"container\">\n\t\t\t\t<div class=\"elementor-element elementor-element-c9322fe elementor-widget elementor-widget-text-editor\" data-id=\"c9322fe\" data-element_type=\"widget\" data-widget_type=\"text-editor.default\">\n\t\t\t\t<div class=\"elementor-widget-container\">\n\t\t\t\t\t\t\t\t\t<ul><li>Renforcer la solidarit\u00e9 entre les femmes et les hommes pour une protection et une utilisation optimale des ressources de l\u2019environnement imm\u00e9diat,<\/li><li>\u0152uvrer pour un meilleur accompagnement \u00e9conomique des artisans,<\/li><li>Promouvoir aupr\u00e8s des artisans une conscience pratique et professionnelle,<\/li><li>Encourager et d\u00e9velopper chez les jeunes sans emploi l\u2019esprit d\u2019initiative et de cr\u00e9ativit\u00e9 ax\u00e9s sur la valorisation des produits naturels,<\/li><\/ul>\t\t\t\t\t\t\t\t<\/div>\n\t\t\t\t<\/div>\n\t\t\t\t<\/div>\n\t\t\t\t\t<\/div>\n\t\t\t\t<\/div>\n\t\t<div class=\"elementor-element elementor-element-7df9e3e e-flex e-con-boxed e-con e-parent\" data-id=\"7df9e3e\" data-element_type=\"container\">\n\t\t\t\t\t<div class=\"e-con-inner\">\n\t\t<div class=\"elementor-element elementor-element-6d70ed1 e-con-full e-flex e-con e-child\" data-id=\"6d70ed1\" data-element_type=\"container\">\n\t\t\t\t<div class=\"elementor-element elementor-element-7d26047 elementor-widget elementor-widget-text-editor\" data-id=\"7d26047\" data-element_type=\"widget\" data-widget_type=\"text-editor.default\">\n\t\t\t\t<div class=\"elementor-widget-container\">\n\t\t\t\t\t\t\t\t\t<ul><li>Promouvoir le d\u00e9veloppement des jardins botaniques,<\/li><li>Promouvoir l\u2019Artisanat et l\u2019Art appliqu\u00e9s \u00e0 la nature,<\/li><li>\u0152uvrer pour la promotion des femmes artisanes,<\/li><li>Encourager la pr\u00e9vention sanitaire des artisans.<\/li><\/ul>\t\t\t\t\t\t\t\t<\/div>\n\t\t\t\t<\/div>\n\t\t\t\t<\/div>\n\t\t<div class=\"elementor-element elementor-element-69f8a8f e-con-full e-flex e-con e-child\" data-id=\"69f8a8f\" data-element_type=\"container\">\n\t\t\t\t<div class=\"elementor-element elementor-element-df0a7e0 elementor-widget elementor-widget-image\" data-id=\"df0a7e0\" data-element_type=\"widget\" data-widget_type=\"image.default\">\n\t\t\t\t<div class=\"elementor-widget-container\">\n\t\t\t\t\t\t\t\t\t\t\t\t\t\t\t<img decoding=\"async\" width=\"1024\" height=\"768\" src=\"https:\/\/apancm.org\/wp-content\/uploads\/2025\/05\/IMG_5331-1024x768.jpg\" class=\"attachment-large size-large wp-image-123\" alt=\"\" srcset=\"https:\/\/apancm.org\/wp-content\/uploads\/2025\/05\/IMG_5331-1024x768.jpg 1024w, https:\/\/apancm.org\/wp-content\/uploads\/2025\/05\/IMG_5331-300x225.jpg 300w, https:\/\/apancm.org\/wp-content\/uploads\/2025\/05\/IMG_5331-768x576.jpg 768w, https:\/\/apancm.org\/wp-content\/uploads\/2025\/05\/IMG_5331-1536x1152.jpg 1536w, https:\/\/apancm.org\/wp-content\/uploads\/2025\/05\/IMG_5331-2048x1536.jpg 2048w\" sizes=\"(max-width: 1024px) 100vw, 1024px\" \/>\t\t\t\t\t\t\t\t\t\t\t\t\t\t\t<\/div>\n\t\t\t\t<\/div>\n\t\t\t\t<\/div>\n\t\t\t\t\t<\/div>\n\t\t\t\t<\/div>\n\t\t<div class=\"elementor-element elementor-element-75c7f7a e-flex e-con-boxed e-con e-parent\" data-id=\"75c7f7a\" data-element_type=\"container\">\n\t\t\t\t\t<div class=\"e-con-inner\">\n\t\t\t\t<div class=\"elementor-element elementor-element-8e87c4f elementor-widget elementor-widget-html\" data-id=\"8e87c4f\" data-element_type=\"widget\" data-widget_type=\"html.default\">\n\t\t\t\t<div class=\"elementor-widget-container\">\n\t\t\t\t\t<!DOCTYPE html>\r\n<html lang=\"fr\">\r\n<head>\r\n    <meta charset=\"UTF-8\">\r\n    <meta name=\"viewport\" content=\"width=device-width, initial-scale=1.0\">\r\n    <title>Notre \u00c9quipe<\/title>\r\n    <style>\r\n        * {\r\n            margin: 0;\r\n            padding: 0;\r\n            box-sizing: border-box;\r\n        }\r\n\r\n        body {\r\n            font-family: 'Segoe UI', Tahoma, Geneva, Verdana, sans-serif;\r\n            background: none;\r\n            min-height: 100vh;\r\n            display: flex;\r\n            align-items: center;\r\n            justify-content: center;\r\n            padding: 20px;\r\n        }\r\n\r\n        .carousel-container {\r\n            max-width: 1200px;\r\n            width: 100%;\r\n            background: rgba(255, 255, 255, 0.95);\r\n            border-radius: 20px;\r\n            box-shadow: 0 25px 50px rgba(0, 0, 0, 0.2);\r\n            overflow: hidden;\r\n            backdrop-filter: blur(10px);\r\n        }\r\n\r\n        .carousel-header {\r\n            text-align: center;\r\n            padding: 40px 20px 20px;\r\n            background: #E46C06;\r\n            color: white;\r\n        }\r\n\r\n        .carousel-header h1 {\r\n            font-size: 2.5em;\r\n            margin-bottom: 10px;\r\n            font-weight: 300;\r\n        }\r\n\r\n        .carousel-header p {\r\n            font-size: 1.1em;\r\n            opacity: 0.9;\r\n        }\r\n\r\n        .carousel-wrapper {\r\n            position: relative;\r\n            overflow: hidden;\r\n            padding: 40px 20px;\r\n        }\r\n\r\n        .carousel-track {\r\n            display: flex;\r\n            transition: transform 0.8s cubic-bezier(0.25, 0.46, 0.45, 0.94);\r\n            width: 200%;\r\n        }\r\n\r\n        .carousel-slide {\r\n            min-width: 50%;\r\n            display: flex;\r\n            gap: 30px;\r\n            justify-content: center;\r\n            padding: 0 20px;\r\n        }\r\n\r\n        .team-member {\r\n            flex: 1;\r\n            max-width: 300px;\r\n            text-align: center;\r\n            background: white;\r\n            border-radius: 20px;\r\n            padding: 30px 20px;\r\n            box-shadow: 0 10px 30px rgba(0, 0, 0, 0.1);\r\n            transition: all 0.3s ease;\r\n            position: relative;\r\n            overflow: hidden;\r\n        }\r\n\r\n        .team-member::before {\r\n            content: '';\r\n            position: absolute;\r\n            top: 0;\r\n            left: 0;\r\n            right: 0;\r\n            height: 4px;\r\n            background: #E46C06);\r\n        }\r\n\r\n        .team-member:hover {\r\n            transform: translateY(-10px);\r\n            box-shadow: 0 20px 40px rgba(0, 0, 0, 0.15);\r\n        }\r\n\r\n        .member-photo {\r\n            width: 120px;\r\n            height: 120px;\r\n            border-radius: 50%;\r\n            margin: 0 auto 20px;\r\n            background: #E46C06;\r\n            display: flex;\r\n            align-items: center;\r\n            justify-content: center;\r\n            font-size: 3em;\r\n            color: white;\r\n            font-weight: bold;\r\n            position: relative;\r\n            overflow: hidden;\r\n        }\r\n\r\n        .member-photo::after {\r\n            content: '';\r\n            position: absolute;\r\n            top: -50%;\r\n            left: -50%;\r\n            width: 200%;\r\n            height: 200%;\r\n            background: linear-gradient(45deg, transparent, rgba(255,255,255,0.3), transparent);\r\n            transform: rotate(45deg);\r\n            animation: shine 3s infinite;\r\n        }\r\n\r\n        @keyframes shine {\r\n            0% { transform: translateX(-100%) translateY(-100%) rotate(45deg); }\r\n            50% { transform: translateX(100%) translateY(100%) rotate(45deg); }\r\n            100% { transform: translateX(-100%) translateY(-100%) rotate(45deg); }\r\n        }\r\n\r\n        .member-name {\r\n            font-size: 1.4em;\r\n            font-weight: 600;\r\n            color: #333;\r\n            margin-bottom: 8px;\r\n        }\r\n\r\n        .member-role {\r\n            font-size: 1em;\r\n            color: green;\r\n            font-weight: 500;\r\n            margin-bottom: 15px;\r\n        }\r\n\r\n        .member-description {\r\n            font-size: 0.9em;\r\n            color: #666;\r\n            line-height: 1.5;\r\n        }\r\n\r\n        .carousel-indicators {\r\n            display: flex;\r\n            justify-content: center;\r\n            gap: 12px;\r\n            padding: 20px 0 40px;\r\n        }\r\n\r\n        .indicator {\r\n            width: 12px;\r\n            height: 12px;\r\n            border-radius: 50%;\r\n            background: #ddd;\r\n            cursor: pointer;\r\n            transition: all 0.3s ease;\r\n        }\r\n\r\n        .indicator.active {\r\n            background: #E46C06;\r\n            transform: scale(1.2);\r\n        }\r\n\r\n        .carousel-controls {\r\n            position: absolute;\r\n            top: 50%;\r\n            transform: translateY(-50%);\r\n            background: rgba(255, 255, 255, 0.9);\r\n            border: none;\r\n            width: 50px;\r\n            height: 50px;\r\n            border-radius: 50%;\r\n            cursor: pointer;\r\n            display: flex;\r\n            align-items: center;\r\n            justify-content: center;\r\n            font-size: 1.2em;\r\n            color: #667eea;\r\n            transition: all 0.3s ease;\r\n            box-shadow: 0 5px 15px rgba(0, 0, 0, 0.1);\r\n        }\r\n\r\n        .carousel-controls:hover {\r\n            background: white;\r\n            box-shadow: 0 8px 25px rgba(0, 0, 0, 0.15);\r\n            transform: translateY(-50%) scale(1.1);\r\n        }\r\n\r\n        .prev {\r\n            left: 20px;\r\n        }\r\n\r\n        .next {\r\n            right: 20px;\r\n        }\r\n\r\n        @media (max-width: 768px) {\r\n            .carousel-slide {\r\n                flex-direction: column;\r\n                gap: 20px;\r\n            }\r\n            \r\n            .team-member {\r\n                max-width: 100%;\r\n            }\r\n            \r\n            .carousel-header h1 {\r\n                font-size: 2em;\r\n            }\r\n        }\r\n    <\/style>\r\n<\/head>\r\n<body>\r\n    <div class=\"carousel-container\">\r\n        <div class=\"carousel-header\">\r\n            <h1>Notre \u00c9quipe<\/h1>\r\n        <\/div>\r\n        \r\n        <div class=\"carousel-wrapper\">\r\n            <div class=\"carousel-track\" id=\"carouselTrack\">\r\n                <!-- Slide 1 -->\r\n                <div class=\"carousel-slide\">\r\n                    <div class=\"team-member\">\r\n                        <div class=\"member-photo\">\r\n                            <img decoding=\"async\" src=\"http:\/\/apancm.ovh\/wp-content\/uploads\/2025\/05\/IMG-20250522-WA0676.jpg\">\r\n                        <\/div>\r\n                        <div class=\"member-name\">R\u00e9becca YOUZE epse FODOUOP<\/div>\r\n                        <div class=\"member-role\">Fondatrice<\/div>\r\n                    <\/div>\r\n                    <div class=\"team-member\">\r\n                        <div class=\"member-photo\">\r\n                            <img decoding=\"async\" src=\"http:\/\/apancm.ovh\/wp-content\/uploads\/2025\/05\/julie.jpg\">\r\n                        <\/div>\r\n                        <div class=\"member-name\">Julie HAPPY<\/div>\r\n                        <div class=\"member-role\">Secr\u00e9taire<\/div>\r\n                    <\/div>\r\n                    <div class=\"team-member\">\r\n                        <div class=\"member-photo\">\r\n                        <img decoding=\"async\" src=\"http:\/\/apancm.ovh\/wp-content\/uploads\/2025\/05\/minko.jpg\">    \r\n                        <\/div>\r\n                        \r\n                        <div class=\"member-name\">Christiane MINKO<\/div>\r\n                        <div class=\"member-role\">Responsable Artistique<\/div>\r\n                    <\/div>\r\n                <\/div>\r\n                \r\n                <!-- Slide 2 -->\r\n                <div class=\"carousel-slide\">\r\n                    <div class=\"team-member\">\r\n                        <div class=\"member-photo\">\r\n                            <img decoding=\"async\" src=\"http:\/\/apancm.ovh\/wp-content\/uploads\/2025\/05\/marcelle.jpg\">\r\n                        <\/div>\r\n                        <div class=\"member-name\">Marcelle MEUGANG<\/div>\r\n                        <div class=\"member-role\">Responsable du Jardin<\/div>\r\n                    <\/div>\r\n                    <div class=\"team-member\">\r\n                        <div class=\"member-photo\">BK<\/div>\r\n                        <div class=\"member-name\">Brice KEMCHE<\/div>\r\n                        <div class=\"member-role\">Agent d'ex\u00e9cution<\/div>\r\n                    <\/div>\r\n                    <div class=\"team-member\">\r\n                        <div class=\"member-photo\">\r\n                        <img decoding=\"async\" src=\"http:\/\/apancm.ovh\/wp-content\/uploads\/2025\/05\/ali.jpg\">    \r\n                        <\/div>\r\n                        <div class=\"member-name\">Ali<\/div>\r\n                        <div class=\"member-role\">Agent d'ex\u00e9cution<\/div>\r\n                    <\/div>\r\n                <\/div>\r\n            <\/div>\r\n            \r\n            <button class=\"carousel-controls prev\" onclick=\"prevSlide()\">\u276e<\/button>\r\n            <button class=\"carousel-controls next\" onclick=\"nextSlide()\">\u276f<\/button>\r\n        <\/div>\r\n        \r\n        <div class=\"carousel-indicators\">\r\n            <div class=\"indicator active\" onclick=\"goToSlide(0)\"><\/div>\r\n            <div class=\"indicator\" onclick=\"goToSlide(1)\"><\/div>\r\n        <\/div>\r\n    <\/div>\r\n\r\n    <script>\r\n        let currentSlide = 0;\r\n        const totalSlides = 2;\r\n        let autoSlideInterval;\r\n        let slideCount = 0;\r\n\r\n        function updateCarousel() {\r\n            const track = document.getElementById('carouselTrack');\r\n            const indicators = document.querySelectorAll('.indicator');\r\n            \r\n            track.style.transform = `translateX(-${currentSlide * 50}%)`;\r\n            \r\n            indicators.forEach((indicator, index) => {\r\n                indicator.classList.toggle('active', index === currentSlide);\r\n            });\r\n        }\r\n\r\n        function nextSlide() {\r\n            currentSlide = (currentSlide + 1) % totalSlides;\r\n            updateCarousel();\r\n        }\r\n\r\n        function prevSlide() {\r\n            currentSlide = (currentSlide - 1 + totalSlides) % totalSlides;\r\n            updateCarousel();\r\n        }\r\n\r\n        function goToSlide(index) {\r\n            currentSlide = index;\r\n            updateCarousel();\r\n            resetAutoSlide();\r\n        }\r\n\r\n        function startAutoSlide() {\r\n            autoSlideInterval = setInterval(() => {\r\n                if (slideCount < 2) {\r\n                    nextSlide();\r\n                    slideCount++;\r\n                } else {\r\n                    clearInterval(autoSlideInterval);\r\n                }\r\n            }, 4000);\r\n        }\r\n\r\n        function resetAutoSlide() {\r\n            clearInterval(autoSlideInterval);\r\n            slideCount = 0;\r\n            setTimeout(startAutoSlide, 2000);\r\n        }\r\n\r\n        \/\/ D\u00e9marrer le carrousel automatique\r\n        startAutoSlide();\r\n\r\n        \/\/ Pause sur hover\r\n        const container = document.querySelector('.carousel-container');\r\n        container.addEventListener('mouseenter', () => clearInterval(autoSlideInterval));\r\n        container.addEventListener('mouseleave', resetAutoSlide);\r\n    <\/script>\r\n<\/body>\r\n<\/html>\t\t\t\t<\/div>\n\t\t\t\t<\/div>\n\t\t\t\t\t<\/div>\n\t\t\t\t<\/div>\n\t\t\t\t<\/div>\n\t\t","protected":false},"excerpt":{"rendered":"<p>Un peu d&rsquo;histoire&#8230; L\u2019APAN (Association pour la Promotion de l&rsquo;Artisanat et de la Nature) a \u00e9t\u00e9 cr\u00e9\u00e9e en 2006 au Cameroun \u00e0 Douala dans le but d\u2019encourager les jeunes hommes et femmes dans la fabrication des objets d\u2019art purement africain. En 2007, l\u2019association d\u00e9cide de s\u2019enregistrer sous le num\u00e9ro N\/113\/RDDA\/C19\/BAPP de droit camerounais r\u00e9gis par [&hellip;]<\/p>\n","protected":false},"author":1,"featured_media":0,"parent":0,"menu_order":0,"comment_status":"closed","ping_status":"closed","template":"","meta":{"footnotes":""},"class_list":["post-17","page","type-page","status-publish","hentry"],"_links":{"self":[{"href":"https:\/\/apancm.org\/index.php\/wp-json\/wp\/v2\/pages\/17","targetHints":{"allow":["GET"]}}],"collection":[{"href":"https:\/\/apancm.org\/index.php\/wp-json\/wp\/v2\/pages"}],"about":[{"href":"https:\/\/apancm.org\/index.php\/wp-json\/wp\/v2\/types\/page"}],"author":[{"embeddable":true,"href":"https:\/\/apancm.org\/index.php\/wp-json\/wp\/v2\/users\/1"}],"replies":[{"embeddable":true,"href":"https:\/\/apancm.org\/index.php\/wp-json\/wp\/v2\/comments?post=17"}],"version-history":[{"count":5,"href":"https:\/\/apancm.org\/index.php\/wp-json\/wp\/v2\/pages\/17\/revisions"}],"predecessor-version":[{"id":338,"href":"https:\/\/apancm.org\/index.php\/wp-json\/wp\/v2\/pages\/17\/revisions\/338"}],"wp:attachment":[{"href":"https:\/\/apancm.org\/index.php\/wp-json\/wp\/v2\/media?parent=17"}],"curies":[{"name":"wp","href":"https:\/\/api.w.org\/{rel}","templated":true}]}}